{"id":39,"date":"2024-09-03T13:58:40","date_gmt":"2024-09-03T13:58:40","guid":{"rendered":"https:\/\/juremaalimentos.com.br\/juremaalimentos\/about-us\/"},"modified":"2024-09-03T19:09:30","modified_gmt":"2024-09-03T19:09:30","slug":"about-us","status":"publish","type":"page","link":"https:\/\/juremaalimentos.com.br\/juremaalimentos\/about-us\/","title":{"rendered":"About Us"},"content":{"rendered":"\n\n\n<h2 div=\"\" align=\"center\" style=\"color: rgb(255, 255, 255);\">Empresa<\/h2>\n\n\n\n\n\n<p style=\"text-align: left\">Em meados de 1988, nasce a empresa Jurema Alimentos, tendo como foco principal a produ\u00e7\u00e3o de farinha de mandioca nas vers\u00f5es Grossa, Fina e Torrada.<\/p>\n<p>Com o sucesso e qualidade de seus produtos, em 1995, A Jurema Alimentos passou a produzir, tamb\u00e9m, a farinha Biju, com grande aceita\u00e7\u00e3o no mercado de farinhas de mandioca e seus derivados.<\/br>\nAtualmente a Jurema Alimentos tem uma capacidade de moagem de mandioca da ordem de 3.4 mil toneladas\/ano.\n\u00c9 uma empresa que investe em seu parque industrial e tecnologia de ponta, para produzir produtos com a mais alta excel\u00eancia em qualidade.<\/br>\n<\/p>\n<p>Al\u00e9m da Qualidade de seus produtos, a Jurema Alimentos, investe na Qualidade do Meio Ambiente.\nInvestiu em um sistema de extra\u00e7\u00e3o de toxinas da mandioca, devolvendo \u00e1gua limpa para o meio ambiente e gerando Biogas.\nCom essa a\u00e7\u00e3o a empresa reduziu drasticamente o consumo de madeira (eucalipito) em seu processo produtivo.<\/p>\n\n\n\n\n\n\n\n\n\n\n\n<p><span style=\"color: rgb(102, 102, 102); font-family: Athiti, sans-serif; text-align: left;\">Estar presente na mesa de todos os lares e todos os povos.<br><br><br><br><\/span><\/p>\n\n\n\n<p><span style=\"color: rgb(102, 102, 102); font-family: Athiti, sans-serif; text-align: left;\">Produzir e Comercializar produtos com qualidade e pre\u00e7o justo para satisfazer nossos clientes e consumidores.<br><br><\/span><br><\/p>\n\n\n\n<p><span style=\"color: rgb(102, 102, 102); font-family: Athiti, sans-serif; text-align: left;\">Criar uma cultura que busque um desenvolvimento sustent\u00e1vel para a empresa, com \u00e9tica, valoriza\u00e7\u00e3o e integridade para os colaboradores, parceiros, sociedade e o meio ambiente.<\/span><br><\/p>\n\n\n\n\n\n\n\n\n","protected":false},"excerpt":{"rendered":"","protected":false},"author":0,"featured_media":0,"parent":0,"menu_order":0,"comment_status":"closed","ping_status":"closed","template":"","meta":{"pagelayer_contact_templates":[],"_pagelayer_content":"","footnotes":""},"class_list":["post-39","page","type-page","status-publish","hentry"],"_links":{"self":[{"href":"https:\/\/juremaalimentos.com.br\/juremaalimentos\/wp-json\/wp\/v2\/pages\/39","targetHints":{"allow":["GET"]}}],"collection":[{"href":"https:\/\/juremaalimentos.com.br\/juremaalimentos\/wp-json\/wp\/v2\/pages"}],"about":[{"href":"https:\/\/juremaalimentos.com.br\/juremaalimentos\/wp-json\/wp\/v2\/types\/page"}],"replies":[{"embeddable":true,"href":"https:\/\/juremaalimentos.com.br\/juremaalimentos\/wp-json\/wp\/v2\/comments?post=39"}],"version-history":[{"count":4,"href":"https:\/\/juremaalimentos.com.br\/juremaalimentos\/wp-json\/wp\/v2\/pages\/39\/revisions"}],"predecessor-version":[{"id":104,"href":"https:\/\/juremaalimentos.com.br\/juremaalimentos\/wp-json\/wp\/v2\/pages\/39\/revisions\/104"}],"wp:attachment":[{"href":"https:\/\/juremaalimentos.com.br\/juremaalimentos\/wp-json\/wp\/v2\/media?parent=39"}],"curies":[{"name":"wp","href":"https:\/\/api.w.org\/{rel}","templated":true}]}}